he hundred thousands digit of 898772?
8
What is the ten thousands digit of 949324?
4
What is the ten thousands digit of 52192?
5
What is the units digit of 714806?
6
What is the hundred thousands digit of 29264425?
2
What is the hundreds digit of 1643919?
9
What is the millions digit of 1972186?
1
What is the millions digit of 15913305?
5
What is the tens digit of 4213378?
7
What is the tens digit of 145600?
0
What is the ten thousands digit of 5436114?
3
What is the tens digit of 48384?
8
What is the hundred thousands digit of 324954?
3
What is the hundred thousands digit of 2114687?
1
What is the units digit of 7421483?
3
What is the hundreds digit of 901382?
3
What is the tens digit of 307556?
5
What is the hundreds digit of 832291?
2
What is the thousands digit of 848288?
8
What is the millions digit of 4961140?
4
What is the thousands digit of 252134?
2
What is the units digit of 133839?
9
What is the hundreds digit of 113836?
8
What is the thousands digit of 343499?
3
What is the ten thousands digit of 833199?
3
What is the hundred thousands digit of 2922221?
9
What is the ten thousands digit of 494619?
9
What is the thousands digit of 908286?
8
What is the hundreds digit of 9983138?
1
What is the hundred thousands digit of 299117?
2
What is the tens digit of 26513769?
6
What is the thousands digit of 5249030?
9
What is the tens digit of 8483941?
4
What is the ten millions digit of 34009853?
3
What is the hundreds digit of 3932403?
4
What is the tens digit of 92137?
3
What is the millions digit of 9152394?
9
What is the tens digit of 3321158?
5
What is the units digit of 12900192?
2
What is the ten thousands digit of 483649?
8
What is the units digit of 9236205?
5
What is the hundred thousands digit of 903568?
9
What is the hundreds digit of 1888606?
6
What is the units digit of 360876?
6
What is the tens digit of 183890?
9
What is the thousands digit of 40117?
0
What is the thousands digit of 2934682?
4
What is the ten thousands digit of 13545709?
4
What is the hundreds digit of 2616805?
8
What is the hundreds digit of 2931549?
5
What is the thousands digit of 276492?
6
What is the hundreds digit of 11362170?
1
What is the tens digit of 339343?
4
What is the hundred thousands digit of 467174?
4
What is the ten thousands digit of 291775?
9
What is the ten thousands digit of 499698?
9
What is the hundred thousands digit of 131792?
1
What is the thousands digit of 4280455?
0
What is the thousands digit of 544354?
4
What is the hundreds digit of 4753175?
1
What is the units digit of 3239537?
7
What is the tens digit of 456245?
4
What is the millions digit of 6867627?
6
What is the hundreds digit of 1040599?
5
What is the ten millions digit of 25684110?
2
What is the hundred thousands digit of 27176258?
1
What is the tens digit of 1197896?
9
What is the thousands digit of 9468862?
8
What is the hundred thousands digit of 16390402?
3
What is the units digit of 10268599?
9
What is the millions digit of 1166121?
1
What is the millions digit of 20437520?
0
What is the units digit of 4212095?
5
What is the tens digit of 673916?
1
What is the tens digit of 9044304?
0
What is the hundred thousands digit of 326912?
3
What is the ten thousands digit of 234924?
3
What is the millions digit of 3915507?
3
What is the units digit of 655936?
6
What is the hundreds digit of 2730470?
4
What is the ten thousands digit of 7437382?
3
What is the thousands digit of 537862?
7
What is the hundreds digit of 43390?
3
What is the tens digit of 5696485?
8
What is the units digit of 179285?
5
What is the thousands digit of 4741166?
1
What is the ten thousands digit of 963786?
6
What is the hundred thousands digit of 1010936?
0
What is the ten thousands digit of 918742?
1
What is the hundred thousands digit of 764871?
7
What is the millions digit of 30133654?
0
What is the ten thousands digit of 12432369?
3
What is the hundreds digit of 239539?
5
What is the units digit of 3708870?
0
What is the thousands digit of 207431?
7
What is the tens digit of 136052?
5
What is the tens digit of 290587?
8
What is the ten thousands digit of 43755?
4
What is the ten thousands digit of 574386?
7
What is the units digit of 52690?
0
What is the units digit of 1566480?
0
What is the ten thousands digit of 117036?
1
What is the hundreds digit of 9447030?
0
What is the tens digit of 11402312?
1
What is the tens digit of 13196?
9
What is the thousands digit of 966974?
6
What is the ten thousands digit of 702540?
0
What is the ten thousands digit of 202057?
0
What is the tens digit of 13889?
8
What is the millions digit of 2931570?
2
What is the thousands digit of 316909?
6
What is the ten millions digit of 22872789?
2
What is the tens digit of 105689?
8
What is the ten thousands digit of 285256?
8
What is the thousands digit of 17802103?
2
What is the units digit of 11633077?
7
What is the hundreds digit of 482932?
9
What is the tens digit of 296800?
0
What is the tens digit of 3634734?
3
What is the hundred thousands digit of 7225844?
2
What is the hundreds digit of 4679039?
0
What is the hundreds digit of 2410124?
1
What is the hundreds digit of 5312628?
6
What is the units digit of 88953?
3
What is the hundred thousands digit of 8775745?
7
What is the tens digit of 157633?
3
What is the tens digit of 1705493?
9
What is the hundreds digit of 255612?
6
What is the units digit of 39500471?
1
What is the thousands digit of 363235?
3
What is the thousands digit of 13655213?
5
What is the thousands digit of 17686567?
6
What is the units digit of 689134?
4
What is the units digit of 173434?
4
What is the millions digit of 2501205?
2
What is the thousands digit of 40192?
0
What is the tens digit of 213648?
4
What is the millions digit of 1584540?
1
What is the ten thousands digit of 994197?
9
What is the units digit of 314311?
1
What is the thousands digit of 42608?
2
What is the tens digit of 633113?
1
What is the tens digit of 934385?
8
What is the hundred thousands digit of 103264?
1
What is the thousands digit of 107992?
7
What is the thousands digit of 1529686?
9
What is the ten millions digit of 25415656?
2
What is the ten millions digit of 22334503?
2
What is the hundreds digit of 301066?
0
What is the units digit of 158856?
6
What is the ten thousands digit of 269432?
6
What is the hundred thousands digit of 32196578?
1
What is the thousands digit of 32611?
2
What is the thousands digit of 1005704?
5
What is the thousands digit of 3518164?
8
What is the ten thousands digit of 1462620?
6
What is the thousands digit of 610387?
0
What is the tens digit of 4481075?
7
What is the hundreds digit of 888479?
4
What is the ten thousands digit of 36360680?
6
What is the thousands digit of 56290?
6
What is the tens digit of 10073304?
0
What is the ten thousands digit of 79037?
7
What is the ten thousands digit of 14476471?
7
What is the hundred thousands digit of 258903?
2
What is the units digit of 1738364?
4
What is the tens digit of 2856354?
5
What is the hundreds digit of 45726?
7
What is the units digit of 226158?
8
What is the thousands digit of 2417707?
7
What is the ten thousands digit of 5132139?
3
What is the hundreds digit of 414?
4
What is the hundreds digit of 832967?
9
What is the millions digit of 10273446?
0
What is the hundreds digit of 675478?
4
What is the ten thousands digit of 712155?
1
What is the hundred thousands digit of 513128?
5
What is the hundred thousands digit of 6411301?
4
What is the hundreds digit of 946417?
4
What is the thousands digit of 141049?
1
What is the tens digit of 13356?
5
What is the tens digit of 20507325?
2
What is the hundreds digit of 78688?
6
What is the millions digit of 2458222?
2
What is the hundreds digit of 171796?
7
What is the tens digit of 223038?
3
What is the thousands digit of 740015?
0
What is the hundred thousands digit of 504426?
5
What is the hundreds digit of 563580?
5
What is the tens digit of 3546261?
6
What is the thousands digit of 5554697?
4
What is the hundreds digit of 3730?
7
What is the tens digit of 3651838?
3
What is the thousands digit of 18908116?
8
What is the thousands digit of 719843?
9
What is the hundreds digit of 1648563?
5
What is the units digit of 1262536?
6
What is the thousands digit of 312256?
2
What